{"id":60796,"date":"2023-02-06T12:54:29","date_gmt":"2023-02-06T17:54:29","guid":{"rendered":"https:\/\/chitchats.com\/blog\/pages\/?page_id=60796"},"modified":"2025-01-06T13:27:11","modified_gmt":"2025-01-06T18:27:11","slug":"reclamations","status":"publish","type":"page","link":"https:\/\/chitchats.com\/blog\/pages\/fr\/reclamations","title":{"rendered":"Reclamations"},"content":{"rendered":"<div class=\"frm_forms  with_frm_style frm_style_formidable-style\" id=\"frm_form_10_container\" >\n<form enctype=\"multipart\/form-data\" method=\"post\" class=\"frm-show-form  frm_ajax_submit  frm_pro_form \" id=\"form_claims22\" >\n<div class=\"frm_form_fields \">\n<fieldset>\n<legend class=\"frm_hidden\">R\u00e9clamations pour colis perdus\/endommag\u00e9s<\/legend>\r\n<h3 class=\"frm_form_title\">R\u00e9clamations pour colis perdus\/endommag\u00e9s<\/h3>\r\n<div class=\"frm_fields_container\">\n<input type=\"hidden\" name=\"frm_action\" value=\"create\" \/>\n<input type=\"hidden\" name=\"form_id\" value=\"10\" \/>\n<input type=\"hidden\" name=\"frm_hide_fields_10\" id=\"frm_hide_fields_10\" value=\"\" \/>\n<input type=\"hidden\" name=\"form_key\" value=\"claims22\" \/>\n<input type=\"hidden\" name=\"item_meta[0]\" value=\"\" \/>\n<input type=\"hidden\" id=\"frm_submit_entry_10\" name=\"frm_submit_entry_10\" value=\"fe94397695\" \/><input type=\"hidden\" name=\"_wp_http_referer\" value=\"\/blog\/wp-json\/wp\/v2\/pages\/60796\" \/><div id=\"frm_field_108_container\" class=\"frm_form_field form-field  frm_required_field frm_top_container frm_first frm_half\">\r\n    <label for=\"field_qh4icy\" class=\"frm_primary_label\">Nom de l\u2019entreprise\r\n        <span class=\"frm_required\">*<\/span>\r\n    <\/label>\r\n    <input  type=\"text\" id=\"field_qh4icy\" name=\"item_meta[108]\" value=\"\"  style=\"width:250px\" data-reqmsg=\"Ce champ ne peut \u00eatre vide.\" aria-required=\"true\" data-invmsg=\"Business Name is invalid\" class=\"auto_width\" aria-invalid=\"false\"   aria-describedby=\"frm_desc_field_qh4icy\" \/>\r\n    <div id=\"frm_desc_field_qh4icy\" class=\"frm_description\">Le nom du d\u00e9taillant, du vendeur, de l'entreprise ou du vendeur d'origine aupr\u00e8s duquel le destinataire a pass\u00e9 sa commande ou achet\u00e9.<\/div>\r\n    \r\n<\/div>\n<div id=\"frm_field_109_container\" class=\"frm_form_field form-field  frm_required_field frm_top_container\">\r\n    <label for=\"field_epmqd2\" class=\"frm_primary_label\">Courriel de l\u2019exp\u00e9diteur\r\n        <span class=\"frm_required\">*<\/span>\r\n    <\/label>\r\n    <input  type=\"text\" id=\"field_epmqd2\" name=\"item_meta[109]\" value=\"\"  style=\"width:250px\" data-reqmsg=\"Ce champ ne peut \u00eatre vide.\" aria-required=\"true\" data-invmsg=\"Sender&#039;s Email is invalid\" class=\"auto_width\" aria-invalid=\"false\"   \/>\r\n    \r\n    \r\n<\/div>\n<div id=\"frm_field_110_container\" class=\"frm_form_field form-field  frm_required_field frm_top_container\">\r\n    <label for=\"field_3wkr32\" class=\"frm_primary_label\">Type de service\r\n        <span class=\"frm_required\">*<\/span>\r\n    <\/label>\r\n    \t\t<select name=\"item_meta[110]\" id=\"field_3wkr32\"  data-reqmsg=\"Ce champ ne peut \u00eatre vide.\" aria-required=\"true\" data-invmsg=\"Type de service is invalid\" class=\"auto_width\" aria-invalid=\"false\"  >\n\t\t<option  value=\"\" selected='selected'> <\/option><option  value=\"Postes Canada\">Postes Canada<\/option><option  value=\"Canpar\">Canpar<\/option>\t<\/select>\n\t\r\n    \r\n    \r\n<\/div>\n<div id=\"frm_field_111_container\" class=\"frm_form_field form-field  frm_required_field frm_top_container\">\r\n    <label for=\"field_h6nzt2\" class=\"frm_primary_label\">Nom du destinataire\r\n        <span class=\"frm_required\">*<\/span>\r\n    <\/label>\r\n    <input  type=\"text\" id=\"field_h6nzt2\" name=\"item_meta[111]\" value=\"\"  style=\"width:250px\" data-reqmsg=\"Ce champ ne peut \u00eatre vide.\" aria-required=\"true\" data-invmsg=\"Recipient&#039;s Name is invalid\" class=\"auto_width\" aria-invalid=\"false\"   aria-describedby=\"frm_desc_field_h6nzt2\" \/>\r\n    <div id=\"frm_desc_field_h6nzt2\" class=\"frm_description\">(Pr\u00e9nom, nom)<\/div>\r\n    \r\n<\/div>\n<div id=\"frm_field_112_container\" class=\"frm_form_field form-field  frm_top_container\">\r\n    <label for=\"field_694r42\" class=\"frm_primary_label\">Adresse du destinataire\r\n        <span class=\"frm_required\"><\/span>\r\n    <\/label>\r\n    <textarea name=\"item_meta[112]\" id=\"field_694r42\" rows=\"5\"  style=\"width:300px\" cols=\"33\" data-invmsg=\"Adresse du destinataire is invalid\" class=\"auto_width\" aria-invalid=\"false\"   aria-describedby=\"frm_desc_field_694r42\"><\/textarea>\r\n    <div id=\"frm_desc_field_694r42\" class=\"frm_description\">Veuillez indiquer l'adresse dans l'ordre suivant: Num\u00e9ro de la rue, nom de la rue, ville, code postal.<\/div>\r\n    \r\n<\/div>\n<div id=\"frm_field_113_container\" class=\"frm_form_field form-field  frm_required_field frm_top_container\">\r\n    <label for=\"field_4zbym2\" class=\"frm_primary_label\">Courriel du destinataire\r\n        <span class=\"frm_required\">*<\/span>\r\n    <\/label>\r\n    <input  type=\"text\" id=\"field_4zbym2\" name=\"item_meta[113]\" value=\"\"  style=\"width:250px\" data-reqmsg=\"Veuillez entrer une adresse e-mail valide\" aria-required=\"true\" data-invmsg=\"Recipient&#039;s Email is invalid\" class=\"auto_width\" aria-invalid=\"false\"   \/>\r\n    \r\n    \r\n<\/div>\n<div id=\"frm_field_114_container\" class=\"frm_form_field form-field  frm_required_field frm_top_container\">\r\n    <label for=\"field_du0my2\" class=\"frm_primary_label\">Num\u00e9ro de t\u00e9l\u00e9phone du destinataire\r\n        <span class=\"frm_required\">*<\/span>\r\n    <\/label>\r\n    <input type=\"tel\" id=\"field_du0my2\" name=\"item_meta[114]\" value=\"\"  style=\"width:250px\" data-reqmsg=\"Num\u00e9ro de t\u00e9l\u00e9phone invalide\" aria-required=\"true\" data-invmsg=\"Le num\u00e9ro de t\u00e9l\u00e9phone du destinataire n&#039;est pas valide\" class=\"auto_width\" aria-invalid=\"false\" pattern=\"((\\+\\d{1,3}(-|.| )?\\(?\\d\\)?(-| |.)?\\d{1,5})|(\\(?\\d{2,6}\\)?))(-|.| )?(\\d{3,4})(-|.| )?(\\d{4})(( x| ext)\\d{1,5}){0,1}$\"   aria-describedby=\"frm_desc_field_du0my2\"\/>\r\n    <div id=\"frm_desc_field_du0my2\" class=\"frm_description\">Exemple (999)999-9999<\/div>\r\n    \r\n<\/div>\n<div id=\"frm_field_115_container\" class=\"frm_form_field form-field  frm_required_field frm_top_container\">\r\n    <label for=\"field_x1uru2\" class=\"frm_primary_label\">Num\u00e9ro de rep\u00e9rage (Postes Canada ou Canpar)\r\n        <span class=\"frm_required\">*<\/span>\r\n    <\/label>\r\n    <input  type=\"text\" id=\"field_x1uru2\" name=\"item_meta[115]\" value=\"\"  style=\"width:250px\" data-reqmsg=\"Ce champ ne peut \u00eatre vide.\" aria-required=\"true\" data-invmsg=\"Tracking Number is invalid\" class=\"auto_width\" aria-invalid=\"false\"   \/>\r\n    \r\n    \r\n<\/div>\n<div id=\"frm_field_116_container\" class=\"frm_form_field form-field  frm_required_field frm_top_container\">\r\n    <label for=\"field_kcftt2\" class=\"frm_primary_label\">Description pr\u00e9cise de l\u2019item\r\n        <span class=\"frm_required\">*<\/span>\r\n    <\/label>\r\n    <input  type=\"text\" id=\"field_kcftt2\" name=\"item_meta[116]\" value=\"\"  style=\"width:250px\" data-reqmsg=\"Ce champ ne peut \u00eatre vide.\" aria-required=\"true\" data-invmsg=\"Exact Item Description is invalid\" class=\"auto_width\" aria-invalid=\"false\"   aria-describedby=\"frm_desc_field_kcftt2\" \/>\r\n    <div id=\"frm_desc_field_kcftt2\" class=\"frm_description\">Description exacte de l'article en d\u00e9tail (les codes de produit sont utiles mais ne sont pas consid\u00e9r\u00e9s comme suffisants)<\/div>\r\n    \r\n<\/div>\n<div id=\"frm_field_117_container\" class=\"frm_form_field form-field  frm_required_field frm_top_container\">\r\n    <label for=\"field_c4kp2\" class=\"frm_primary_label\">Type de r\u00e9clamation\r\n        <span class=\"frm_required\">*<\/span>\r\n    <\/label>\r\n    \t\t<select name=\"item_meta[117]\" id=\"field_c4kp2\"  data-reqmsg=\"Ce champ ne peut \u00eatre vide.\" aria-required=\"true\" data-invmsg=\"Type de r\u00e9clamation is invalid\" class=\"auto_width\" aria-invalid=\"false\"  >\n\t\t<option  value=\"\" selected='selected'> <\/option><option  value=\"Colis perdu\">Colis perdu<\/option><option  value=\"Colis endommag\u00e9\">Colis endommag\u00e9<\/option><option  value=\"Colis non-re\u00e7u\">Colis non-re\u00e7u<\/option><option  value=\"Colis retard\u00e9\">Colis retard\u00e9<\/option>\t<\/select>\n\t\r\n    \r\n    \r\n<\/div>\n<div id=\"frm_field_118_container\" class=\"frm_form_field form-field  frm_top_container frm12 frm_first\">\r\n    <label for=\"field_ldg1e2\" class=\"frm_primary_label\">Description de l\u2019item endommag\u00e9\r\n        <span class=\"frm_required\"><\/span>\r\n    <\/label>\r\n    <textarea name=\"item_meta[118]\" id=\"field_ldg1e2\" rows=\"5\"  style=\"width:300px\" cols=\"33\" data-invmsg=\"Description de l\u2019item endommag\u00e9 is invalid\" class=\"auto_width\" aria-invalid=\"false\"  ><\/textarea>\r\n    \r\n    \r\n<\/div>\n<div id=\"frm_field_119_container\" class=\"frm_form_field form-field  frm_required_field frm_top_container\">\r\n    <label for=\"field_f6suo2\" class=\"frm_primary_label\">Valeur de l\u2019item envoy\u00e9\r\n        <span class=\"frm_required\">*<\/span>\r\n    <\/label>\r\n    <input  type=\"text\" id=\"field_f6suo2\" name=\"item_meta[119]\" value=\"\"  style=\"width:250px\" data-reqmsg=\"Ce champ ne peut \u00eatre vide.\" aria-required=\"true\" data-invmsg=\"Value of Item Shipped is invalid\" class=\"auto_width\" aria-invalid=\"false\"   \/>\r\n    \r\n    \r\n<\/div>\n<div id=\"frm_field_120_container\" class=\"frm_form_field form-field  frm_required_field frm_top_container\">\r\n    <label for=\"field_ztw7q2\" class=\"frm_primary_label\">Date de l\u2019exp\u00e9dition\r\n        <span class=\"frm_required\">*<\/span>\r\n    <\/label>\r\n    <input type=\"text\" id=\"field_ztw7q2\" name=\"item_meta[120]\" value=\"\"  style=\"width:200px\" maxlength=\"10\" data-reqmsg=\"Ce champ ne peut \u00eatre vide.\" aria-required=\"true\" data-invmsg=\"La date d&#039;exp\u00e9dition n&#039;est pas valide\" class=\"frm_date auto_width\" aria-invalid=\"false\"  \/>\r\n    \r\n    \r\n<\/div>\n<div id=\"frm_field_121_container\" class=\"frm_form_field form-field  frm_required_field frm_top_container\">\r\n    <label for=\"field_t0l1l2\" id=\"field_t0l1l2_label\" class=\"frm_primary_label\">R\u00e9gion\r\n        <span class=\"frm_required\" aria-hidden=\"true\">*<\/span>\r\n    <\/label>\r\n    \t\t<select name=\"item_meta[121]\" id=\"field_t0l1l2\"  data-reqmsg=\"Ce champ ne peut \u00eatre vide.\" aria-required=\"true\" data-invmsg=\"R\u00e9gion is invalid\" aria-invalid=\"false\"  >\n\t\t<option  value=\"\" selected='selected'> <\/option><option  value=\"Alberta\">Alberta<\/option><option  value=\"Colombie-Britannique\">Colombie-Britannique<\/option><option  value=\"Ontario Est\">Ontario Est<\/option><option  value=\"Ontario Ouest\">Ontario Ouest<\/option><option  value=\"R\u00e9gion du Grand Toronto\">R\u00e9gion du Grand Toronto<\/option><option  value=\"Qu\u00e9bec\">Qu\u00e9bec<\/option><option  value=\"Atlantique\">Atlantique<\/option>\t<\/select>\n\t\r\n    \r\n    \r\n<\/div>\n<div id=\"frm_field_122_container\" class=\"frm_form_field form-field  frm_required_field frm_top_container\">\r\n    <label for=\"field_3pxdt2\" class=\"frm_primary_label\">Succursales en Alberta\r\n        <span class=\"frm_required\">*<\/span>\r\n    <\/label>\r\n    \t\t<select name=\"item_meta[122]\" id=\"field_3pxdt2\"  data-reqmsg=\"Ce champ ne peut \u00eatre vide.\" aria-required=\"true\" data-invmsg=\"Succursales en Alberta is invalid\" class=\"auto_width\" aria-invalid=\"false\"  >\n\t\t<option  value=\"Calgary\">Calgary<\/option><option  value=\"Calgary Nord-Est\">Calgary Nord-Est<\/option>\t<\/select>\n\t\r\n    \r\n    \r\n<\/div>\n<div id=\"frm_field_123_container\" class=\"frm_form_field form-field  frm_required_field frm_top_container\">\r\n    <label for=\"field_1jknq2\" class=\"frm_primary_label\">Succursales en Colombie-Britannique\r\n        <span class=\"frm_required\">*<\/span>\r\n    <\/label>\r\n    \t\t<select name=\"item_meta[123]\" id=\"field_1jknq2\"  data-reqmsg=\"Ce champ ne peut \u00eatre vide.\" aria-required=\"true\" data-invmsg=\"Succursales en Colombie-Britannique is invalid\" class=\"auto_width\" aria-invalid=\"false\"  >\n\t\t<option  value=\"Langley\">Langley<\/option><option  value=\"Port Coquitlam\">Port Coquitlam<\/option><option  value=\"Richmond\">Richmond<\/option><option  value=\"Surrey\">Surrey<\/option><option  value=\"Vancouver\">Vancouver<\/option>\t<\/select>\n\t\r\n    \r\n    \r\n<\/div>\n<div id=\"frm_field_124_container\" class=\"frm_form_field form-field  frm_required_field frm_top_container\">\r\n    <label for=\"field_46qjn2\" class=\"frm_primary_label\">Succursales dans l'Est de l'Ontario\r\n        <span class=\"frm_required\">*<\/span>\r\n    <\/label>\r\n    \t\t<select name=\"item_meta[124]\" id=\"field_46qjn2\"  data-reqmsg=\"Ce champ ne peut \u00eatre vide.\" aria-required=\"true\" data-invmsg=\"Succursales dans l&#039;Est de l&#039;Ontario is invalid\" class=\"auto_width\" aria-invalid=\"false\"  >\n\t\t<option  value=\"Nepean\">Nepean<\/option><option  value=\"Oshawa\">Oshawa<\/option><option  value=\"Pickering\">Pickering<\/option>\t<\/select>\n\t\r\n    \r\n    \r\n<\/div>\n<div id=\"frm_field_135_container\" class=\"frm_form_field form-field  frm_required_field frm_top_container\">\n\t<label for=\"field_5jxl8\" id=\"field_5jxl8_label\" class=\"frm_primary_label\">Succursales dans l'Atlantique\n\t\t<span class=\"frm_required\" aria-hidden=\"true\">*<\/span>\n\t<\/label>\n\t\t\t<select name=\"item_meta[135]\" id=\"field_5jxl8\"  data-frmval=\"Bedford\" data-reqmsg=\"Succursales dans l&#039;Atlantique cannot be blank.\" aria-required=\"true\" data-invmsg=\"Succursales dans l&#039;Atlantique is invalid\" class=\"auto_width\" aria-invalid=\"false\"  >\n\t\t<option  value=\"Bedford\" selected='selected'>Bedford<\/option>\t<\/select>\n\t\n\t\n\t\n<\/div>\n<div id=\"frm_field_125_container\" class=\"frm_form_field form-field  frm_required_field frm_top_container\">\r\n    <label for=\"field_sz7yt2\" class=\"frm_primary_label\">Succursales dans l'Ouest de l'Ontario\r\n        <span class=\"frm_required\">*<\/span>\r\n    <\/label>\r\n    \t\t<select name=\"item_meta[125]\" id=\"field_sz7yt2\"  data-reqmsg=\"Ce champ ne peut \u00eatre vide.\" aria-required=\"true\" data-invmsg=\"Succursales dans l&#039;Ouest de l&#039;Ontario is invalid\" class=\"auto_width\" aria-invalid=\"false\"  >\n\t\t<option  value=\"Burlington\">Burlington<\/option><option  value=\"Mississauga\">Mississauga<\/option><option  value=\"Oakville\">Oakville<\/option>\t<\/select>\n\t\r\n    \r\n    \r\n<\/div>\n<div id=\"frm_field_126_container\" class=\"frm_form_field form-field  frm_required_field frm_top_container\">\r\n    <label for=\"field_d5ghu2\" class=\"frm_primary_label\">Succursales dans la r\u00e9gion du Grand Toronto\r\n        <span class=\"frm_required\">*<\/span>\r\n    <\/label>\r\n    \t\t<select name=\"item_meta[126]\" id=\"field_d5ghu2\"  data-reqmsg=\"Ce champ ne peut \u00eatre vide.\" aria-required=\"true\" data-invmsg=\"Succursales dans la r\u00e9gion du Grand Toronto is invalid\" class=\"auto_width\" aria-invalid=\"false\"  >\n\t\t<option  value=\"Aurora\">Aurora<\/option><option  value=\"York-Est\">York-Est<\/option><option  value=\"Etobicoke\">Etobicoke<\/option><option  value=\"Markham\">Markham<\/option><option  value=\"York-Nord\">York-Nord<\/option><option  value=\"Scarborough\">Scarborough<\/option><option  value=\"Toronto\">Toronto<\/option><option  value=\"Vaughan\">Vaughan<\/option>\t<\/select>\n\t\r\n    \r\n    \r\n<\/div>\n<div id=\"frm_field_127_container\" class=\"frm_form_field form-field  frm_required_field frm_top_container frm12 frm_first\">\r\n    <label for=\"field_frrbo2\" class=\"frm_primary_label\">Succursales au Qu\u00e9bec\r\n        <span class=\"frm_required\">*<\/span>\r\n    <\/label>\r\n    \t\t<select name=\"item_meta[127]\" id=\"field_frrbo2\"  data-reqmsg=\"Ce champ ne peut \u00eatre vide.\" aria-required=\"true\" data-invmsg=\"Succursales au Qu\u00e9bec is invalid\" class=\"auto_width\" aria-invalid=\"false\"  >\n\t\t<option  value=\"Brossard\">Brossard<\/option><option  value=\"Laval\">Laval<\/option><option  value=\"Plateau\">Plateau<\/option><option  value=\"Saint-Laurent (Montr\u00e9al)\">Saint-Laurent (Montr\u00e9al)<\/option>\t<\/select>\n\t\r\n    \r\n    \r\n<\/div>\n<div id=\"frm_field_128_container\" class=\"frm_form_field form-field  frm_top_container\">\r\n    <label for=\"field_axqj52\" class=\"frm_primary_label\">Notes pour Chit Chats\r\n        <span class=\"frm_required\"><\/span>\r\n    <\/label>\r\n    <textarea name=\"item_meta[128]\" id=\"field_axqj52\" rows=\"5\"  style=\"width:300px\" cols=\"33\" data-invmsg=\"Notes pour Chit Chats is invalid\" class=\"auto_width\" aria-invalid=\"false\"  ><\/textarea>\r\n    \r\n    \r\n<\/div>\n<div id=\"frm_field_129_container\" class=\"frm_form_field form-field  frm_top_container\">\r\n    <label for=\"field_ptrvg2\" class=\"frm_primary_label\">Attacher la facture\r\n        <span class=\"frm_required\"><\/span>\r\n    <\/label>\r\n    <input type=\"hidden\"  data-invmsg=\"Format de fichier non valide\" aria-invalid=\"false\"   name=\"item_meta[129][]\"  value=\"\" data-frmfile=\"129\" \/>\n\n<div class=\"frm_dropzone frm_multi_upload frm_clearfix\" id=\"file129_dropzone\" role=\"group\"  aria-describedby=\"frm_desc_field_ptrvg2\">\n\t<div class=\"fallback\">\n\t\t<input type=\"file\" name=\"file129[]\" id=\"field_ptrvg2\"\n\t\t\t data-frmfile=\"129\" multiple=\"multiple\"  data-invmsg=\"Format de fichier non valide\" aria-invalid=\"false\"  \t\t\t\/>\n\t\t\t\t<div class=\"frm_clearfix \"><\/div>\n\t<\/div>\n\t<div class=\"dz-message needsclick\">\n\t\t\t\t<svg  viewBox=\"0 0 18 18\" class=\"frmsvg frm-svg-icon\">\n\t<path viewBox=\"0 0 18 18\" fill-rule=\"evenodd\" clip-rule=\"evenodd\" d=\"M8.2 4v8a.8.8 0 001.5 0V4l2.1 2.2A.7.7 0 1013 5L9.5 1.7a.7.7 0 00-1.1 0L5.1 5.2a.8.8 0 001 1l2.1-2zm7.6 4.3c.4 0 .7.3.7.7v6.8c0 .4-.3.7-.8.7H2.3a.8.8 0 01-.8-.8V9A.8.8 0 013 9v6h12V9c0-.4.3-.8.8-.8z\"><\/path>\n<\/svg>\t\t<span class=\"frm_upload_text\"><button type=\"button\" aria-label=\"Attacher la facture. D\u00e9posez un fichier ici ou cliquez pour le t\u00e9l\u00e9charger. Maximum file size: 516MB\">D\u00e9posez un fichier ici ou cliquez pour le t\u00e9l\u00e9charger<\/button><\/span>\n\t\t<span class=\"frm_compact_text\"><button type=\"button\" aria-label=\"Attacher la facture. Choisir le fichier. Maximum file size: 516MB\">Choisir le fichier<\/button><\/span>\n\t\t<div class=\"frm_small_text\">\n\t\t\t<p>Maximum file size: 516MB<\/p>\n\t\t<\/div>\n\t<\/div>\n<\/div>\n\t\r\n    <div id=\"frm_desc_field_ptrvg2\" class=\"frm_description\">(Optionnel)<\/div>\r\n    \r\n<\/div>\n<div id=\"frm_field_130_container\" class=\"frm_form_field form-field  frm_none_container\">\r\n    <label for=\"g-recaptcha-response\" class=\"frm_primary_label\">Captcha\r\n        <span class=\"frm_required\"><\/span>\r\n    <\/label>\r\n    <div  id=\"field_62n6q3\" class=\"g-recaptcha\" data-sitekey=\"6LdMVWEUAAAAAEX4nLIZOMtLtrUetHTgPui3fmcL\" data-size=\"normal\" data-theme=\"light\"><\/div>\r\n    \r\n    \r\n<\/div>\n<div id=\"frm_field_133_container\" class=\"frm_form_field form-field \">\n\t<div class=\"frm_submit\">\r\n\r\n<input type=\"submit\" value=\"Soumettre\"  class=\"frm_final_submit\" \/>\r\n<img decoding=\"async\" class=\"frm_ajax_loading\" src=\"https:\/\/chitchats.com\/blog\/wp-content\/plugins\/formidable\/images\/ajax_loader.gif\" alt=\"Sending\"\/>\r\n\r\n<\/div>\n<\/div>\n\t<input type=\"hidden\" name=\"item_key\" value=\"\" \/>\n\t\t\t<div id=\"frm_field_258_container\">\n\t\t\t<label for=\"field_vg0my\" >\n\t\t\t\tIf you are human, leave this field blank.\t\t\t<\/label>\n\t\t\t<input  id=\"field_vg0my\" type=\"text\" class=\"frm_form_field form-field frm_verify\" name=\"item_meta[258]\" value=\"\"  \/>\n\t\t<\/div>\n\t\t<input name=\"frm_state\" type=\"hidden\" value=\"TAzDx8ZgMv2EYDcrZgIY\/YIymF64BYGG5q9jpXYm0nOPJ27lRGNBJLkZ87LSkuiB\" \/><\/div>\n<\/fieldset>\n<\/div>\n\n<\/form>\n<\/div>\n\n","protected":false},"excerpt":{"rendered":"","protected":false},"author":11,"featured_media":0,"parent":0,"menu_order":0,"comment_status":"closed","ping_status":"closed","template":"","meta":{"footnotes":""},"class_list":["post-60796","page","type-page","status-publish","hentry"],"yoast_head":"<!-- This site is optimized with the Yoast SEO plugin v27.4 - https:\/\/yoast.com\/product\/yoast-seo-wordpress\/ -->\n<title>Reclamations | Chit Chats<\/title>\n<meta name=\"description\" content=\"Submit a claim for a damaged or lost package with Chit Chats\" \/>\n<meta name=\"robots\" content=\"index, follow, max-snippet:-1, max-image-preview:large, max-video-preview:-1\" \/>\n<link rel=\"canonical\" href=\"https:\/\/chitchats.com\/blog\/pages\/fr\/reclamations\" \/>\n<meta property=\"og:locale\" content=\"en_US\" \/>\n<meta property=\"og:type\" content=\"article\" \/>\n<meta property=\"og:title\" content=\"Reclamations | Chit Chats\" \/>\n<meta property=\"og:description\" content=\"Submit a claim for a damaged or lost package with Chit Chats\" \/>\n<meta property=\"og:url\" content=\"https:\/\/chitchats.com\/blog\/pages\/fr\/reclamations\" \/>\n<meta property=\"og:site_name\" content=\"Chit Chats\" \/>\n<meta property=\"article:modified_time\" content=\"2025-01-06T18:27:11+00:00\" \/>\n<meta name=\"twitter:card\" content=\"summary_large_image\" \/>\n<meta name=\"twitter:label1\" content=\"Est. reading time\" \/>\n\t<meta name=\"twitter:data1\" content=\"1 minute\" \/>\n<script type=\"application\/ld+json\" class=\"yoast-schema-graph\">{\"@context\":\"https:\\\/\\\/schema.org\",\"@graph\":[{\"@type\":\"WebPage\",\"@id\":\"https:\\\/\\\/chitchats.com\\\/blog\\\/pages\\\/fr\\\/reclamations\",\"url\":\"https:\\\/\\\/chitchats.com\\\/blog\\\/pages\\\/fr\\\/reclamations\",\"name\":\"Reclamations | Chit Chats\",\"isPartOf\":{\"@id\":\"https:\\\/\\\/chitchats.com\\\/blog\\\/#website\"},\"datePublished\":\"2023-02-06T17:54:29+00:00\",\"dateModified\":\"2025-01-06T18:27:11+00:00\",\"description\":\"Submit a claim for a damaged or lost package with Chit Chats\",\"breadcrumb\":{\"@id\":\"https:\\\/\\\/chitchats.com\\\/blog\\\/pages\\\/fr\\\/reclamations#breadcrumb\"},\"inLanguage\":\"en-US\",\"potentialAction\":[{\"@type\":\"ReadAction\",\"target\":[\"https:\\\/\\\/chitchats.com\\\/blog\\\/pages\\\/fr\\\/reclamations\"]}]},{\"@type\":\"BreadcrumbList\",\"@id\":\"https:\\\/\\\/chitchats.com\\\/blog\\\/pages\\\/fr\\\/reclamations#breadcrumb\",\"itemListElement\":[{\"@type\":\"ListItem\",\"position\":1,\"name\":\"Home\",\"item\":\"https:\\\/\\\/chitchats.com\\\/blog\"},{\"@type\":\"ListItem\",\"position\":2,\"name\":\"Reclamations\"}]},{\"@type\":\"WebSite\",\"@id\":\"https:\\\/\\\/chitchats.com\\\/blog\\\/#website\",\"url\":\"https:\\\/\\\/chitchats.com\\\/blog\\\/\",\"name\":\"Chit Chats\",\"description\":\"Canada&#039;s Low-cost Carrier\",\"potentialAction\":[{\"@type\":\"SearchAction\",\"target\":{\"@type\":\"EntryPoint\",\"urlTemplate\":\"https:\\\/\\\/chitchats.com\\\/blog\\\/?s={search_term_string}\"},\"query-input\":{\"@type\":\"PropertyValueSpecification\",\"valueRequired\":true,\"valueName\":\"search_term_string\"}}],\"inLanguage\":\"en-US\"}]}<\/script>\n<!-- \/ Yoast SEO plugin. -->","yoast_head_json":{"title":"Reclamations | Chit Chats","description":"Submit a claim for a damaged or lost package with Chit Chats","robots":{"index":"index","follow":"follow","max-snippet":"max-snippet:-1","max-image-preview":"max-image-preview:large","max-video-preview":"max-video-preview:-1"},"canonical":"https:\/\/chitchats.com\/blog\/pages\/fr\/reclamations","og_locale":"en_US","og_type":"article","og_title":"Reclamations | Chit Chats","og_description":"Submit a claim for a damaged or lost package with Chit Chats","og_url":"https:\/\/chitchats.com\/blog\/pages\/fr\/reclamations","og_site_name":"Chit Chats","article_modified_time":"2025-01-06T18:27:11+00:00","twitter_card":"summary_large_image","twitter_misc":{"Est. reading time":"1 minute"},"schema":{"@context":"https:\/\/schema.org","@graph":[{"@type":"WebPage","@id":"https:\/\/chitchats.com\/blog\/pages\/fr\/reclamations","url":"https:\/\/chitchats.com\/blog\/pages\/fr\/reclamations","name":"Reclamations | Chit Chats","isPartOf":{"@id":"https:\/\/chitchats.com\/blog\/#website"},"datePublished":"2023-02-06T17:54:29+00:00","dateModified":"2025-01-06T18:27:11+00:00","description":"Submit a claim for a damaged or lost package with Chit Chats","breadcrumb":{"@id":"https:\/\/chitchats.com\/blog\/pages\/fr\/reclamations#breadcrumb"},"inLanguage":"en-US","potentialAction":[{"@type":"ReadAction","target":["https:\/\/chitchats.com\/blog\/pages\/fr\/reclamations"]}]},{"@type":"BreadcrumbList","@id":"https:\/\/chitchats.com\/blog\/pages\/fr\/reclamations#breadcrumb","itemListElement":[{"@type":"ListItem","position":1,"name":"Home","item":"https:\/\/chitchats.com\/blog"},{"@type":"ListItem","position":2,"name":"Reclamations"}]},{"@type":"WebSite","@id":"https:\/\/chitchats.com\/blog\/#website","url":"https:\/\/chitchats.com\/blog\/","name":"Chit Chats","description":"Canada&#039;s Low-cost Carrier","potentialAction":[{"@type":"SearchAction","target":{"@type":"EntryPoint","urlTemplate":"https:\/\/chitchats.com\/blog\/?s={search_term_string}"},"query-input":{"@type":"PropertyValueSpecification","valueRequired":true,"valueName":"search_term_string"}}],"inLanguage":"en-US"}]}},"featured_image_src":null,"featured_image_src_square":null,"_links":{"self":[{"href":"https:\/\/chitchats.com\/blog\/wp-json\/wp\/v2\/pages\/60796","targetHints":{"allow":["GET"]}}],"collection":[{"href":"https:\/\/chitchats.com\/blog\/wp-json\/wp\/v2\/pages"}],"about":[{"href":"https:\/\/chitchats.com\/blog\/wp-json\/wp\/v2\/types\/page"}],"author":[{"embeddable":true,"href":"https:\/\/chitchats.com\/blog\/wp-json\/wp\/v2\/users\/11"}],"replies":[{"embeddable":true,"href":"https:\/\/chitchats.com\/blog\/wp-json\/wp\/v2\/comments?post=60796"}],"version-history":[{"count":2,"href":"https:\/\/chitchats.com\/blog\/wp-json\/wp\/v2\/pages\/60796\/revisions"}],"predecessor-version":[{"id":65984,"href":"https:\/\/chitchats.com\/blog\/wp-json\/wp\/v2\/pages\/60796\/revisions\/65984"}],"wp:attachment":[{"href":"https:\/\/chitchats.com\/blog\/wp-json\/wp\/v2\/media?parent=60796"}],"curies":[{"name":"wp","href":"https:\/\/api.w.org\/{rel}","templated":true}]}}